{"id":1689,"date":"2026-01-06T16:22:07","date_gmt":"2026-01-06T15:22:07","guid":{"rendered":"https:\/\/afges.org\/?page_id=1689"},"modified":"2026-01-06T16:25:11","modified_gmt":"2026-01-06T15:25:11","slug":"plaidoyer-municipales-2026","status":"publish","type":"page","link":"https:\/\/afges.org\/en\/plaidoyer-municipales-2026\/","title":{"rendered":"Plaidoyer municipales 2026"},"content":{"rendered":"<div data-elementor-type=\"wp-page\" data-elementor-id=\"1689\" class=\"elementor elementor-1689\">\n\t\t\t\t\t\t<header class=\"elementor-section elementor-top-section elementor-element elementor-element-4d4ae6e0 elementor-section-boxed elementor-section-height-default elementor-section-height-default\" data-id=\"4d4ae6e0\" data-element_type=\"section\" data-e-type=\"section\" data-settings=\"{&quot;background_background&quot;:&quot;classic&quot;}\">\n\t\t\t\t\t\t<div class=\"elementor-container elementor-column-gap-default\">\n\t\t\t\t\t<div class=\"elementor-column elementor-col-100 elementor-top-column elementor-element elementor-element-7eb1fe86\" data-id=\"7eb1fe86\" data-element_type=\"column\" data-e-type=\"column\">\n\t\t\t<div class=\"elementor-widget-wrap elementor-element-populated\">\n\t\t\t\t\t\t<div class=\"elementor-element elementor-element-5918980e elementor-widget__width-initial elementor-widget-tablet__width-initial elementor-widget-mobile__width-initial elementor-invisible elementor-widget elementor-widget-heading\" data-id=\"5918980e\" data-element_type=\"widget\" data-e-type=\"widget\" data-settings=\"{&quot;_animation&quot;:&quot;fadeIn&quot;}\" data-widget_type=\"heading.default\">\n\t\t\t\t<div class=\"elementor-widget-container\">\n\t\t\t\t\t<h1 class=\"elementor-heading-title elementor-size-default\">Plaidoyer des \u00c9lections<br>Municipales <\/h1>\t\t\t\t<\/div>\n\t\t\t\t<\/div>\n\t\t\t\t<section class=\"elementor-section elementor-inner-section elementor-element elementor-element-3f8666c elementor-section-boxed elementor-section-height-default elementor-section-height-default\" data-id=\"3f8666c\" data-element_type=\"section\" data-e-type=\"section\">\n\t\t\t\t\t\t<div class=\"elementor-container elementor-column-gap-default\">\n\t\t\t\t\t<div class=\"elementor-column elementor-col-100 elementor-inner-column elementor-element elementor-element-54e72e3 elementor-invisible\" data-id=\"54e72e3\" data-element_type=\"column\" data-e-type=\"column\" data-settings=\"{&quot;animation&quot;:&quot;fadeIn&quot;,&quot;animation_delay&quot;:500}\">\n\t\t\t<div class=\"elementor-widget-wrap elementor-element-populated\">\n\t\t\t\t\t\t<div class=\"elementor-element elementor-element-175f10f elementor-widget__width-initial elementor-widget-tablet__width-initial elementor-widget-mobile__width-initial elementor-invisible elementor-widget elementor-widget-text-editor\" data-id=\"175f10f\" data-element_type=\"widget\" data-e-type=\"widget\" data-settings=\"{&quot;_animation&quot;:&quot;fadeIn&quot;}\" data-widget_type=\"text-editor.default\">\n\t\t\t\t<div class=\"elementor-widget-container\">\n\t\t\t\t\t\t\t\t\t<p>Nous \u0153uvrons au quotidien pour le bien des \u00e9tudiants et sommes expos\u00e9s aux probl\u00e8mes de la jeunesse.<\/p><p>Nous avons recueillit dans le plaidoyer suivant les principaux revendications pour am\u00e9liorer les conditions de vie des \u00e9tudiants et \u00e9tudiantes.<\/p><p>Pour que la prochaine municipalit\u00e9 puisse \u0153uvrer en connaissance des v\u0153ux de la jeunesse.<\/p><p>Veuillez trouver le t\u00e9l\u00e9chargement du document ci joint.<\/p>\t\t\t\t\t\t\t\t<\/div>\n\t\t\t\t<\/div>\n\t\t\t\t<div class=\"elementor-element elementor-element-6a7b2b8 elementor-align-left elementor-invisible elementor-widget elementor-widget-button\" data-id=\"6a7b2b8\" data-element_type=\"widget\" data-e-type=\"widget\" data-settings=\"{&quot;_animation&quot;:&quot;fadeIn&quot;,&quot;_animation_delay&quot;:500}\" data-widget_type=\"button.default\">\n\t\t\t\t<div class=\"elementor-widget-container\">\n\t\t\t\t\t\t\t\t\t<div class=\"elementor-button-wrapper\">\n\t\t\t\t\t<a class=\"elementor-button elementor-button-link elementor-size-sm elementor-animation-shrink\" href=\"\/wp-content\/uploads\/2025\/12\/Plaidoyer-Municipales-Strasbourg-2026.pdf\">\n\t\t\t\t\t\t<span class=\"elementor-button-content-wrapper\">\n\t\t\t\t\t\t\t\t\t<span class=\"elementor-button-text\">t\u00e9l\u00e9charger le Plaidoyer<\/span>\n\t\t\t\t\t<\/span>\n\t\t\t\t\t<\/a>\n\t\t\t\t<\/div>\n\t\t\t\t\t\t\t\t<\/div>\n\t\t\t\t<\/div>\n\t\t\t\t\t<\/div>\n\t\t<\/div>\n\t\t\t\t\t<\/div>\n\t\t<\/section>\n\t\t\t\t\t<\/div>\n\t\t<\/div>\n\t\t\t\t\t<\/div>\n\t\t<\/header>\n\t\t\t\t<\/div>","protected":false},"excerpt":{"rendered":"<p>Plaidoyer des \u00c9lectionsMunicipales Nous \u0153uvrons au quotidien pour le bien des \u00e9tudiants et sommes expos\u00e9s aux probl\u00e8mes de la jeunesse. Nous avons recueillit dans le plaidoyer suivant les principaux revendications pour am\u00e9liorer les conditions de vie des \u00e9tudiants et \u00e9tudiantes. Pour que la prochaine municipalit\u00e9 puisse \u0153uvrer en connaissance des v\u0153ux de la jeunesse. Veuillez [&hellip;]<\/p>\n","protected":false},"author":8,"featured_media":0,"parent":0,"menu_order":0,"comment_status":"closed","ping_status":"closed","template":"elementor_header_footer","meta":{"footnotes":""},"class_list":["post-1689","page","type-page","status-publish","hentry"],"blocksy_meta":[],"yoast_head":"<!-- This site is optimized with the Yoast SEO plugin v27.2 - https:\/\/yoast.com\/product\/yoast-seo-wordpress\/ -->\n<title>Plaidoyer municipales 2026 - AFGES<\/title>\n<meta name=\"robots\" content=\"index, follow, max-snippet:-1, max-image-preview:large, max-video-preview:-1\" \/>\n<link rel=\"canonical\" href=\"https:\/\/www.afges.org\/plaidoyer-municipales-2026\/\" \/>\n<meta property=\"og:locale\" content=\"en_US\" \/>\n<meta property=\"og:type\" content=\"article\" \/>\n<meta property=\"og:title\" content=\"Plaidoyer municipales 2026 - AFGES\" \/>\n<meta property=\"og:description\" content=\"Plaidoyer des \u00c9lectionsMunicipales Nous \u0153uvrons au quotidien pour le bien des \u00e9tudiants et sommes expos\u00e9s aux probl\u00e8mes de la jeunesse. Nous avons recueillit dans le plaidoyer suivant les principaux revendications pour am\u00e9liorer les conditions de vie des \u00e9tudiants et \u00e9tudiantes. Pour que la prochaine municipalit\u00e9 puisse \u0153uvrer en connaissance des v\u0153ux de la jeunesse. Veuillez [&hellip;]\" \/>\n<meta property=\"og:url\" content=\"https:\/\/www.afges.org\/plaidoyer-municipales-2026\/\" \/>\n<meta property=\"og:site_name\" content=\"AFGES\" \/>\n<meta property=\"article:publisher\" content=\"https:\/\/www.facebook.com\/AFGES\" \/>\n<meta property=\"article:modified_time\" content=\"2026-01-06T15:25:11+00:00\" \/>\n<meta name=\"twitter:card\" content=\"summary_large_image\" \/>\n<meta name=\"twitter:site\" content=\"@AFGES\" \/>\n<meta name=\"twitter:label1\" content=\"Est. reading time\" \/>\n\t<meta name=\"twitter:data1\" content=\"1 minute\" \/>\n<script type=\"application\/ld+json\" class=\"yoast-schema-graph\">{\"@context\":\"https:\/\/schema.org\",\"@graph\":[{\"@type\":\"WebPage\",\"@id\":\"https:\/\/www.afges.org\/plaidoyer-municipales-2026\/\",\"url\":\"https:\/\/www.afges.org\/plaidoyer-municipales-2026\/\",\"name\":\"Plaidoyer municipales 2026 - AFGES\",\"isPartOf\":{\"@id\":\"https:\/\/afges.org\/#website\"},\"datePublished\":\"2026-01-06T15:22:07+00:00\",\"dateModified\":\"2026-01-06T15:25:11+00:00\",\"breadcrumb\":{\"@id\":\"https:\/\/www.afges.org\/plaidoyer-municipales-2026\/#breadcrumb\"},\"inLanguage\":\"en-US\",\"potentialAction\":[{\"@type\":\"ReadAction\",\"target\":[\"https:\/\/www.afges.org\/plaidoyer-municipales-2026\/\"]}]},{\"@type\":\"BreadcrumbList\",\"@id\":\"https:\/\/www.afges.org\/plaidoyer-municipales-2026\/#breadcrumb\",\"itemListElement\":[{\"@type\":\"ListItem\",\"position\":1,\"name\":\"Accueil\",\"item\":\"https:\/\/afges.org\/\"},{\"@type\":\"ListItem\",\"position\":2,\"name\":\"Plaidoyer municipales 2026\"}]},{\"@type\":\"WebSite\",\"@id\":\"https:\/\/afges.org\/#website\",\"url\":\"https:\/\/afges.org\/\",\"name\":\"AFGES, les \u00c9tudiant-e-s d\u2019Alsace\",\"description\":\"Les \u00c9tudiant-e-s d\u2019Alsace\",\"publisher\":{\"@id\":\"https:\/\/afges.org\/#organization\"},\"potentialAction\":[{\"@type\":\"SearchAction\",\"target\":{\"@type\":\"EntryPoint\",\"urlTemplate\":\"https:\/\/afges.org\/?s={search_term_string}\"},\"query-input\":{\"@type\":\"PropertyValueSpecification\",\"valueRequired\":true,\"valueName\":\"search_term_string\"}}],\"inLanguage\":\"en-US\"},{\"@type\":\"Organization\",\"@id\":\"https:\/\/afges.org\/#organization\",\"name\":\"AFGES, les \u00c9tudiant-e-s d\u2019Alsace\",\"url\":\"https:\/\/afges.org\/\",\"logo\":{\"@type\":\"ImageObject\",\"inLanguage\":\"en-US\",\"@id\":\"https:\/\/afges.org\/#\/schema\/logo\/image\/\",\"url\":\"\/wp-content\/uploads\/2025\/08\/Logo-AFGES-Orange-scaled.png\",\"contentUrl\":\"\/wp-content\/uploads\/2025\/08\/Logo-AFGES-Orange-scaled.png\",\"width\":2302,\"height\":2560,\"caption\":\"AFGES, les \u00c9tudiant-e-s d\u2019Alsace\"},\"image\":{\"@id\":\"https:\/\/afges.org\/#\/schema\/logo\/image\/\"},\"sameAs\":[\"https:\/\/www.facebook.com\/AFGES\",\"https:\/\/x.com\/AFGES\"]}]}<\/script>\n<!-- \/ Yoast SEO plugin. -->","yoast_head_json":{"title":"Plaidoyer municipales 2026 - AFGES","robots":{"index":"index","follow":"follow","max-snippet":"max-snippet:-1","max-image-preview":"max-image-preview:large","max-video-preview":"max-video-preview:-1"},"canonical":"https:\/\/www.afges.org\/plaidoyer-municipales-2026\/","og_locale":"en_US","og_type":"article","og_title":"Plaidoyer municipales 2026 - AFGES","og_description":"Plaidoyer des \u00c9lectionsMunicipales Nous \u0153uvrons au quotidien pour le bien des \u00e9tudiants et sommes expos\u00e9s aux probl\u00e8mes de la jeunesse. Nous avons recueillit dans le plaidoyer suivant les principaux revendications pour am\u00e9liorer les conditions de vie des \u00e9tudiants et \u00e9tudiantes. Pour que la prochaine municipalit\u00e9 puisse \u0153uvrer en connaissance des v\u0153ux de la jeunesse. Veuillez [&hellip;]","og_url":"https:\/\/www.afges.org\/plaidoyer-municipales-2026\/","og_site_name":"AFGES","article_publisher":"https:\/\/www.facebook.com\/AFGES","article_modified_time":"2026-01-06T15:25:11+00:00","twitter_card":"summary_large_image","twitter_site":"@AFGES","twitter_misc":{"Est. reading time":"1 minute"},"schema":{"@context":"https:\/\/schema.org","@graph":[{"@type":"WebPage","@id":"https:\/\/www.afges.org\/plaidoyer-municipales-2026\/","url":"https:\/\/www.afges.org\/plaidoyer-municipales-2026\/","name":"Plaidoyer municipales 2026 - AFGES","isPartOf":{"@id":"https:\/\/afges.org\/#website"},"datePublished":"2026-01-06T15:22:07+00:00","dateModified":"2026-01-06T15:25:11+00:00","breadcrumb":{"@id":"https:\/\/www.afges.org\/plaidoyer-municipales-2026\/#breadcrumb"},"inLanguage":"en-US","potentialAction":[{"@type":"ReadAction","target":["https:\/\/www.afges.org\/plaidoyer-municipales-2026\/"]}]},{"@type":"BreadcrumbList","@id":"https:\/\/www.afges.org\/plaidoyer-municipales-2026\/#breadcrumb","itemListElement":[{"@type":"ListItem","position":1,"name":"Accueil","item":"https:\/\/afges.org\/"},{"@type":"ListItem","position":2,"name":"Plaidoyer municipales 2026"}]},{"@type":"WebSite","@id":"https:\/\/afges.org\/#website","url":"https:\/\/afges.org\/","name":"AFGES, les \u00c9tudiant-e-s d\u2019Alsace","description":"Les \u00c9tudiant-e-s d\u2019Alsace","publisher":{"@id":"https:\/\/afges.org\/#organization"},"potentialAction":[{"@type":"SearchAction","target":{"@type":"EntryPoint","urlTemplate":"https:\/\/afges.org\/?s={search_term_string}"},"query-input":{"@type":"PropertyValueSpecification","valueRequired":true,"valueName":"search_term_string"}}],"inLanguage":"en-US"},{"@type":"Organization","@id":"https:\/\/afges.org\/#organization","name":"AFGES, les \u00c9tudiant-e-s d\u2019Alsace","url":"https:\/\/afges.org\/","logo":{"@type":"ImageObject","inLanguage":"en-US","@id":"https:\/\/afges.org\/#\/schema\/logo\/image\/","url":"\/wp-content\/uploads\/2025\/08\/Logo-AFGES-Orange-scaled.png","contentUrl":"\/wp-content\/uploads\/2025\/08\/Logo-AFGES-Orange-scaled.png","width":2302,"height":2560,"caption":"AFGES, les \u00c9tudiant-e-s d\u2019Alsace"},"image":{"@id":"https:\/\/afges.org\/#\/schema\/logo\/image\/"},"sameAs":["https:\/\/www.facebook.com\/AFGES","https:\/\/x.com\/AFGES"]}]}},"_links":{"self":[{"href":"https:\/\/afges.org\/en\/wp-json\/wp\/v2\/pages\/1689","targetHints":{"allow":["GET"]}}],"collection":[{"href":"https:\/\/afges.org\/en\/wp-json\/wp\/v2\/pages"}],"about":[{"href":"https:\/\/afges.org\/en\/wp-json\/wp\/v2\/types\/page"}],"author":[{"embeddable":true,"href":"https:\/\/afges.org\/en\/wp-json\/wp\/v2\/users\/8"}],"replies":[{"embeddable":true,"href":"https:\/\/afges.org\/en\/wp-json\/wp\/v2\/comments?post=1689"}],"version-history":[{"count":7,"href":"https:\/\/afges.org\/en\/wp-json\/wp\/v2\/pages\/1689\/revisions"}],"predecessor-version":[{"id":1698,"href":"https:\/\/afges.org\/en\/wp-json\/wp\/v2\/pages\/1689\/revisions\/1698"}],"wp:attachment":[{"href":"https:\/\/afges.org\/en\/wp-json\/wp\/v2\/media?parent=1689"}],"curies":[{"name":"wp","href":"https:\/\/api.w.org\/{rel}","templated":true}]}}

<div data-elementor-type="wp-page" data-elementor-id="1689" class="elementor elementor-1689">
						<header class="elementor-section elementor-top-section elementor-element elementor-element-4d4ae6e0 elementor-section-boxed elementor-section-height-default elementor-section-height-default" data-id="4d4ae6e0" data-element_type="section" data-e-type="section" data-settings="{&quot;background_background&quot;:&quot;classic&quot;}">
						<div class="elementor-container elementor-column-gap-default">
					<div class="elementor-column elementor-col-100 elementor-top-column elementor-element elementor-element-7eb1fe86" data-id="7eb1fe86" data-element_type="column" data-e-type="column">
			<div class="elementor-widget-wrap elementor-element-populated">
						<div class="elementor-element elementor-element-5918980e elementor-widget__width-initial elementor-widget-tablet__width-initial elementor-widget-mobile__width-initial elementor-invisible elementor-widget elementor-widget-heading" data-id="5918980e" data-element_type="widget" data-e-type="widget" data-settings="{&quot;_animation&quot;:&quot;fadeIn&quot;}" data-widget_type="heading.default">
				<div class="elementor-widget-container">
					<h1 class="elementor-heading-title elementor-size-default">Plaidoyer des Élections<br>Municipales </h1>				</div>
				</div>
				<section class="elementor-section elementor-inner-section elementor-element elementor-element-3f8666c elementor-section-boxed elementor-section-height-default elementor-section-height-default" data-id="3f8666c" data-element_type="section" data-e-type="section">
						<div class="elementor-container elementor-column-gap-default">
					<div class="elementor-column elementor-col-100 elementor-inner-column elementor-element elementor-element-54e72e3 elementor-invisible" data-id="54e72e3" data-element_type="column" data-e-type="column" data-settings="{&quot;animation&quot;:&quot;fadeIn&quot;,&quot;animation_delay&quot;:500}">
			<div class="elementor-widget-wrap elementor-element-populated">
						<div class="elementor-element elementor-element-175f10f elementor-widget__width-initial elementor-widget-tablet__width-initial elementor-widget-mobile__width-initial elementor-invisible elementor-widget elementor-widget-text-editor" data-id="175f10f" data-element_type="widget" data-e-type="widget" data-settings="{&quot;_animation&quot;:&quot;fadeIn&quot;}" data-widget_type="text-editor.default">
				<div class="elementor-widget-container">
									<p>Nous œuvrons au quotidien pour le bien des étudiants et sommes exposés aux problèmes de la jeunesse.</p><p>Nous avons recueillit dans le plaidoyer suivant les principaux revendications pour améliorer les conditions de vie des étudiants et étudiantes.</p><p>Pour que la prochaine municipalité puisse œuvrer en connaissance des vœux de la jeunesse.</p><p>Veuillez trouver le téléchargement du document ci joint.</p>								</div>
				</div>
				<div class="elementor-element elementor-element-6a7b2b8 elementor-align-left elementor-invisible elementor-widget elementor-widget-button" data-id="6a7b2b8" data-element_type="widget" data-e-type="widget" data-settings="{&quot;_animation&quot;:&quot;fadeIn&quot;,&quot;_animation_delay&quot;:500}" data-widget_type="button.default">
				<div class="elementor-widget-container">
									<div class="elementor-button-wrapper">
					<a class="elementor-button elementor-button-link elementor-size-sm elementor-animation-shrink" href="/wp-content/uploads/2025/12/Plaidoyer-Municipales-Strasbourg-2026.pdf">
						<span class="elementor-button-content-wrapper">
									<span class="elementor-button-text">télécharger le Plaidoyer</span>
					</span>
					</a>
				</div>
								</div>
				</div>
					</div>
		</div>
					</div>
		</section>
					</div>
		</div>
					</div>
		</header>
				</div>

<p>Plaidoyer des ÉlectionsMunicipales Nous œuvrons au quotidien pour le bien des étudiants et sommes exposés aux problèmes de la jeunesse. Nous avons recueillit dans le plaidoyer suivant les principaux revendications pour améliorer les conditions de vie des étudiants et étudiantes. Pour que la prochaine municipalité puisse œuvrer en connaissance des vœux de la jeunesse. Veuillez [&hellip;]</p>

<!-- This site is optimized with the Yoast SEO plugin v27.2 - https://yoast.com/product/yoast-seo-wordpress/ -->
<title>Plaidoyer municipales 2026 - AFGES</title>
<meta name="robots" content="index, follow, max-snippet:-1, max-image-preview:large, max-video-preview:-1" />
<link rel="canonical" href="https://www.afges.org/plaidoyer-municipales-2026/" />
<meta property="og:locale" content="en_US" />
<meta property="og:type" content="article" />
<meta property="og:title" content="Plaidoyer municipales 2026 - AFGES" />
<meta property="og:description" content="Plaidoyer des ÉlectionsMunicipales Nous œuvrons au quotidien pour le bien des étudiants et sommes exposés aux problèmes de la jeunesse. Nous avons recueillit dans le plaidoyer suivant les principaux revendications pour améliorer les conditions de vie des étudiants et étudiantes. Pour que la prochaine municipalité puisse œuvrer en connaissance des vœux de la jeunesse. Veuillez [&hellip;]" />
<meta property="og:url" content="https://www.afges.org/plaidoyer-municipales-2026/" />
<meta property="og:site_name" content="AFGES" />
<meta property="article:publisher" content="https://www.facebook.com/AFGES" />
<meta property="article:modified_time" content="2026-01-06T15:25:11+00:00" />
<meta name="twitter:card" content="summary_large_image" />
<meta name="twitter:site" content="@AFGES" />
<meta name="twitter:label1" content="Est. reading time" />
	<meta name="twitter:data1" content="1 minute" />
<script type="application/ld+json" class="yoast-schema-graph">{"@context":"https://schema.org","@graph":[{"@type":"WebPage","@id":"https://www.afges.org/plaidoyer-municipales-2026/","url":"https://www.afges.org/plaidoyer-municipales-2026/","name":"Plaidoyer municipales 2026 - AFGES","isPartOf":{"@id":"https://afges.org/#website"},"datePublished":"2026-01-06T15:22:07+00:00","dateModified":"2026-01-06T15:25:11+00:00","breadcrumb":{"@id":"https://www.afges.org/plaidoyer-municipales-2026/#breadcrumb"},"inLanguage":"en-US","potentialAction":[{"@type":"ReadAction","target":["https://www.afges.org/plaidoyer-municipales-2026/"]}]},{"@type":"BreadcrumbList","@id":"https://www.afges.org/plaidoyer-municipales-2026/#breadcrumb","itemListElement":[{"@type":"ListItem","position":1,"name":"Accueil","item":"https://afges.org/"},{"@type":"ListItem","position":2,"name":"Plaidoyer municipales 2026"}]},{"@type":"WebSite","@id":"https://afges.org/#website","url":"https://afges.org/","name":"AFGES, les Étudiant-e-s d’Alsace","description":"Les Étudiant-e-s d’Alsace","publisher":{"@id":"https://afges.org/#organization"},"potentialAction":[{"@type":"SearchAction","target":{"@type":"EntryPoint","urlTemplate":"https://afges.org/?s={search_term_string}"},"query-input":{"@type":"PropertyValueSpecification","valueRequired":true,"valueName":"search_term_string"}}],"inLanguage":"en-US"},{"@type":"Organization","@id":"https://afges.org/#organization","name":"AFGES, les Étudiant-e-s d’Alsace","url":"https://afges.org/","logo":{"@type":"ImageObject","inLanguage":"en-US","@id":"https://afges.org/#/schema/logo/image/","url":"/wp-content/uploads/2025/08/Logo-AFGES-Orange-scaled.png","contentUrl":"/wp-content/uploads/2025/08/Logo-AFGES-Orange-scaled.png","width":2302,"height":2560,"caption":"AFGES, les Étudiant-e-s d’Alsace"},"image":{"@id":"https://afges.org/#/schema/logo/image/"},"sameAs":["https://www.facebook.com/AFGES","https://x.com/AFGES"]}]}</script>
<!-- / Yoast SEO plugin. -->

Plaidoyer des ÉlectionsMunicipales Nous œuvrons au quotidien pour le bien des étudiants et sommes exposés aux problèmes de la jeunesse. Nous avons recueillit dans le plaidoyer suivant les principaux revendications pour améliorer les conditions de vie des étudiants et étudiantes. Pour que la prochaine municipalité puisse œuvrer en connaissance des vœux de la jeunesse. Veuillez [&hellip;]

AFGES, les Étudiant-e-s d’Alsace

Les Étudiant-e-s d’Alsace
